• After 15+ years, we've made a big change: Android Forums is now Early Bird Club. Learn more here.

Help help! random reboots, logcat unclear

I'm having issues with this device having random reboots. It hasn't been caught happening, but I think its hard reboots. I'm not really sure where to start looking. I did a Factory Reset/Data wipe, cleared the /system partition and did a fresh install from the most recent versions of cyanogenmod stable and gapps via clockworkmod.

I've used catlog to record the logcat to the sd card and even recording every line, I'm still unclear on what is going on. Here are two examples of the last few lines recorded before reboot:

Code:
12-29 02:46:31.196 E/KINETO  (  286): KLOG0C3- xmk_QueryOSQueue SDL Queue empty : WAIT_FOREVER 
12-29 02:46:31.196 E/KINETO  (  286): KLOG0A3- ibs_os_GetMsg: Timeout forever for UKCC qHnd 0x80c3968c
12-29 02:46:31.545 V/WifiStateTracker(  167): Scan-only mode changing to true scanType=2
12-29 02:46:31.545 D/WifiService(  167): acquireWifiLockLocked: WifiLock{NetworkLocationCacheUpdater type=2 binder=android.os.BinderProxy@40a4b6b8}
12-29 02:46:31.555 D/wpa_supplicant(  234): CMD: AP_SCAN 2
12-29 02:46:31.555 D/wpa_supplicant(  234): ap_scan = 1
12-29 02:46:31.555 D/WifiStateTracker(  167): Reset connections and stopping DHCP
12-29 02:46:31.565 I/System.out( 1461): [INFO:9983465]: c: Running flush
12-29 02:46:31.645 D/dalvikvm( 1418): GC_FOR_MALLOC freed 391K, 47% free 3700K/6919K, external 425K/937K, paused 59ms
12-29 02:46:31.645 I/dvm_gc_info( 1418): [7813577555038197346,-8978622086724487110,-4003835272955676631,7251562]
12-29 02:46:31.925 D/dalvikvm( 1461): GC_FOR_MALLOC freed 117K, 47% free 3635K/6791K, external 0K/0K, paused 346ms
12-29 02:46:31.925 I/dvm_gc_info( 1461): [7881704463073125845,-9035198694515816391,-4006087072769361879,0]
12-29 02:46:31.925 I/dalvikvm-heap( 1461): Grow heap (frag case) to 5.993MB for 32784-byte allocation
12-29 02:46:32.065 D/dalvikvm( 1418): GC_CONCURRENT freed 449K, 47% free 3715K/6919K, external 425K/937K, paused 4ms+8ms
12-29 02:46:32.065 I/dvm_gc_info( 1418): [7813577555038004848,-8947378364309600198,-4003835272955676631,7251562]
12-29 02:46:32.315 D/dalvikvm( 1461): GC_FOR_MALLOC freed 0K, 47% free 3667K/6855K, external 0K/0K, paused 368ms
12-29 02:46:32.315 I/dvm_gc_info( 1461): [7881704463073275904,-9223223910222280647,-4005805597792651223,0]
12-29 02:46:32.395 I/System.out( 1461): [INFO:9984294]: c: Sending payload [bytes=990]
12-29 02:46:32.555 D/dalvikvm( 1418): GC_CONCURRENT freed 468K, 47% free 3734K/6919K, external 425K/937K, paused 5ms+9ms
12-29 02:46:32.555 I/dvm_gc_info( 1418): [7813577555038054005,-8939215589984987078,-4003553797978965975,7251562]
12-29 02:46:32.565 D/WifiStateTracker(  167): Disabling interface
12-29 02:46:32.565 D/wpa_supplicant(  234): CMD: DRIVER START
12-29 02:46:32.565 D/wpa_supplicant(  234): wpa_driver_tista_driver_cmd START
12-29 02:46:32.565 D/wpa_supplicant(  234): Start command
12-29 02:46:33.005 I/System.out( 1461): [SEVERE:9984902]: c: AsyncHttpRequestImpl.run(): exception thrown : www.google.com: java.net.UnknownHostException
12-29 02:46:33.395 D/dalvikvm( 1418): GC_CONCURRENT freed 462K, 47% free 3720K/6919K, external 425K/937K, paused 4ms+31ms
12-29 02:46:33.395 I/dvm_gc_info( 1418): [7813577555038099060,-8947096889332889542,-4003835272955676631,7251562]
12-29 02:46:33.405 D/wpa_supplicant(  234): wpa_driver_tista_private_send ioctl_cmd = 8000001  res = 0
12-29 02:46:33.495 I/System.out( 1461): [INFO:9985392]: c: Running flush
12-29 02:46:33.525 I/System.out( 1461): [INFO:9985428]: c: Sending payload [bytes=1001]
12-29 02:46:33.565 I/System.out( 1461): [SEVERE:9985463]: c: AsyncHttpRequestImpl.run(): exception thrown : www.google.com: java.net.UnknownHostException
12-29 02:46:33.685 I/content_query_sample(  938): [content://com.android.calendar/calendar_alerts,alarmTime,alarmTime>=?,alarmTime ASC,237,,48]
12-29 02:46:33.805 D/wpa_supplicant(  234): wpa_driver_tista_driver_start success
12-29 02:46:33.805 I/wpa_supplicant(  234): CTRL-EVENT-DRIVER-STATE STARTED
12-29 02:46:33.805 V/WifiMonitor(  167): Event [CTRL-EVENT-DRIVER-STATE STARTED]
12-29 02:46:33.815 D/wpa_supplicant(  234): CMD: DRIVER SCAN-CHANNELS 11
12-29 02:46:33.805 I/wifi_driver_state_changed(  167): 0
12-29 02:46:33.815 D/wpa_supplicant(  234): wpa_driver_tista_driver_cmd SCAN-CHANNELS 11
12-29 02:46:33.815 I/wifi_supplicant_state_changed(  167): 2
12-29 02:46:33.815 D/wpa_supplicant(  234): Scan Channels command = 11
12-29 02:46:33.865 I/dvm_gc_info( 1418): [7813577555038062203,-8945970989426038726,-4003553797978965975,7251562]
12-29 02:46:33.815 D/wpa_supplicant(  234): buf Scan-Channels = 11
12-29 02:46:33.815 D/wpa_supplicant(  234): CMD: DRIVER MACADDR
12-29 02:46:33.815 D/wpa_supplicant(  234): wpa_driver_tista_driver_cmd MACADDR
12-29 02:46:33.815 D/wpa_supplicant(  234): wpa_driver_tista_private_send ioctl_cmd = 800508  res = 0
12-29 02:46:33.815 D/wpa_supplicant(  234): Macaddr = 38:e7:d8:7b:8b:02
12-29 02:46:33.815 D/wpa_supplicant(  234): wpa_driver_tista_get_mac_addr success
12-29 02:46:33.815 D/wpa_supplicant(  234): Macaddr command
12-29 02:46:33.815 D/wpa_supplicant(  234): buf Macaddr = 38:e7:d8:7b:8b:02
12-29 02:46:33.815 D/wpa_supplicant(  234): CMD: DRIVER SCAN-ACTIVE
12-29 02:46:33.815 D/wpa_supplicant(  234): wpa_driver_tista_driver_cmd SCAN-ACTIVE
12-29 02:46:33.935 I/dvm_gc_info( 1418): [7813577555038103077,-9059686880017156038,-4003835272955676631,7251562]
12-29 02:46:33.815 D/wpa_supplicant(  234): Scan Active command
12-29 02:46:33.815 D/wpa_supplicant(  234): CMD: SCAN
12-29 02:46:33.815 D/wpa_supplicant(  234): Setting scan request: 0 sec 0 usec
12-29 02:46:33.815 D/wpa_supplicant(  234): wpa_supplicant_scan: scan_req = 2, ap_scan = 1
12-29 02:46:33.815 D/wpa_supplicant(  234): State: DISCONNECTED -> SCANNING
12-29 02:46:33.815 I/wpa_supplicant(  234): CTRL-EVENT-STATE-CHANGE id=-1 state=2 BSSID=00:00:00:00:00:00
12-29 02:46:33.955 I/wifi_supplicant_state_changed(  167): 8
12-29 02:46:33.815 D/wpa_supplicant(  234): Starting AP scan (broadcast SSID)
12-29 02:46:34.025 I/dvm_gc_info( 1418): [7813577555038188981,-9070101454155450310,-4003835272955676631,7251562]
12-29 02:46:33.815 D/wpa_supplicant(  234): wpa_driver_tista_scan
12-29 02:46:33.815 V/WifiMonitor(  167): Event [CTRL-EVENT-STATE-CHANGE id=-1 state=2 BSSID=00:00:00:00:00:00]
12-29 02:46:33.815 D/wpa_supplicant(  234): wpa_driver_tista_private_send ioctl_cmd = 8021501  res = 0
12-29 02:46:33.815 D/wpa_supplicant(  234): wpa_driver_tista_scan success
12-29 02:46:33.815 D/wpa_supplicant(  234): Scan requested (ret=0) - scan timeout 30 sec
12-29 02:46:33.815 D/wpa_supplicant(  234): CMD: DRIVER SCAN-PASSIVE
12-29 02:46:33.815 D/wpa_supplicant(  234): wpa_driver_tista_driver_cmd SCAN-PASSIVE
12-29 02:46:34.055 I/am_destroy_service(  167): [1083979288,com.android.providers.calendar/.EmptyService,938]
12-29 02:46:33.815 D/wpa_supplicant(  234): Scan Passive command
12-29 02:46:34.105 I/dvm_gc_info( 1418): [7813577555038152136,-9067568179365054406,-4003835272955676631,7251562]
12-29 02:46:33.815 V/WifiStateTracker(  167): Changing supplicant state: DORMANT ==> SCANNING
12-29 02:46:33.835 I/System.out( 1461): [INFO:9985734]: c: Running flush
12-29 02:46:33.835 I/System.out( 1461): [INFO:9985736]: c: Sending payload [bytes=818]
12-29 02:46:33.835 I/System.out( 1461): [SEVERE:9985739]: c: AsyncHttpRequestImpl.run(): exception thrown : www.google.com: java.net.UnknownHostException
12-29 02:46:33.865 D/dalvikvm( 1418): GC_CONCURRENT freed 490K, 46% free 3741K/6919K, external 425K/937K, paused 5ms+11ms
12-29 02:46:33.935 D/dalvikvm( 1418): GC_FOR_MALLOC freed 146K, 47% free 3694K/6919K, external 425K/937K, paused 45ms
12-29 02:46:33.955 D/wpa_supplicant(  234): CMD: DISCONNECT
12-29 02:46:34.185 I/dvm_gc_info( 1418): [7813577555038135773,-9066160804481501126,-4003835272955676631,7251562]
12-29 02:46:33.955 D/wpa_supplicant(  234): No keys have been configured - skip key clearing
12-29 02:46:33.955 D/wpa_supplicant(  234): State: SCANNING -> DISCONNECTED
12-29 02:46:33.955 I/wpa_supplicant(  234): CTRL-EVENT-STATE-CHANGE id=-1 state=8 BSSID=00:00:00:00:00:00
12-29 02:46:33.955 D/wpa_supplicant(  234): wpa_driver_tista_set_operstate: operstate 0 (DORMANT)
12-29 02:46:33.955 D/wpa_supplicant(  234): wpa_driver_wext_set_operstate: operstate 0->0 (DORMANT)
12-29 02:46:33.955 D/wpa_supplicant(  234): WEXT: Operstate: linkmode=-1, operstate=5
12-29 02:46:33.955 D/wpa_supplicant(  234): EAPOL: External notification - portEnabled=0
12-29 02:46:33.955 D/wpa_supplicant(  234): EAPOL: External notification - portValid=0
12-29 02:46:33.955 D/wpa_supplicant(  234): EAPOL: External notification - EAP success=0
12-29 02:46:34.265 I/dvm_gc_info( 1418): [7813577555038131667,-9067568179365054406,-4003835272955676631,7251562]
12-29 02:46:33.955 V/WifiMonitor(  167): Event [CTRL-EVENT-STATE-CHANGE id=-1 state=8 BSSID=00:00:00:00:00:00]
12-29 02:46:33.955 V/WifiStateTracker(  167): Changing supplicant state: SCANNING ==> DORMANT
12-29 02:46:33.955 D/WifiStateTracker(  167): Reset connections and stopping DHCP
12-29 02:46:33.955 D/WifiService(  167): releaseWifiLockLocked: WifiLock{NetworkLocationCacheUpdater type=2 binder=android.os.BinderProxy@40a4b6b8}
12-29 02:46:34.025 D/dalvikvm( 1418): GC_FOR_MALLOC freed 109K, 47% free 3693K/6919K, external 425K/937K, paused 57ms
12-29 02:46:34.105 D/dalvikvm( 1418): GC_FOR_MALLOC freed 113K, 47% free 3693K/6919K, external 425K/937K, paused 48ms
12-29 02:46:34.185 D/dalvikvm( 1418): GC_FOR_MALLOC freed 119K, 47% free 3694K/6919K, external 425K/937K, paused 44ms
12-29 02:46:34.265 D/dalvikvm( 1418): GC_FOR_MALLOC freed 116K, 47% free 3694K/6919K, external 425K/937K, paused 43ms
12-29 02:46:34.345 D/dalvikvm( 1418): GC_FOR_MALLOC freed 115K, 47% free 3695K/6919K, external 425K/937K, paused 45ms
12-29 02:46:34.345 I/dvm_gc_info( 1418): [7813577555038139854,-9068131129318475718,-4003835272955676631,7251562]
12-29 02:46:34.705 D/dalvikvm( 1418): GC_CONCURRENT freed 446K, 47% free 3673K/6919K, external 425K/937K, paused 5ms+6ms
12-29 02:46:34.705 I/dvm_gc_info( 1418): [7813577555038000752,-8950474589053425607,-4003835272955676631,7251562]
12-29 02:46:34.985 I/Kineto::wifi(  286): onReceive Enter
12-29 02:46:34.985 D/WifiStateTracker(  167): Disabling interface
12-29 02:46:34.985 I/Jni WCMLinkStatus (  286):  ssid: immigrant MAC: 38:e7:d8:7b:8b:02  bssid: 00:1b:11:41:28:19 ipaddr: 192.168.0.223 connected: 0
12-29 02:46:34.985 V/Kineto::wifi(  286): Receiver.handleNetworkStateChanged: NetworkInfo: NetworkInfo: type: WIFI[], state: DISCONNECTED/IDLE, reason: (unspecified), extra: (none), roaming: false, failover: false, isAvailable: false
12-29 02:46:34.985 I/Jni WCMLinkStatus (  286): addr: Oxc0a800df
12-29 02:46:34.985 I/Kineto::wifi(  286): --onDisconnected: SSID: immigrant, BSSID: 00:1b:11:41:28:19, MAC: 38:e7:d8:7b:8b:02
12-29 02:46:34.995 D/wpa_supplicant(  234): CMD: DRIVER STOP
12-29 02:46:34.985 I/Kineto::main(  286): Kineto: HandleWifiChangeStatus val: 3
12-29 02:46:34.995 D/wpa_supplicant(  234): wpa_driver_tista_driver_cmd STOP
12-29 02:46:34.985 I/Kineto::main(  286): Kineto: WifiAvailable
12-29 02:46:34.995 D/wpa_supplicant(  234): Stop command
12-29 02:46:34.995 I/Kineto::main(  286): handleMessage: 8
12-29 02:46:35.035 I/wifi_driver_state_changed(  167): 1
12-29 02:46:35.035 D/wpa_supplicant(  234): wpa_driver_tista_private_send ioctl_cmd = 8000002  res = 0
12-29 02:46:34.995 E/KINETO  (  286): KLOG003- IPA_WcmIfcStatusInd received
12-29 02:46:35.035 I/notification_cancel(  167): [com.android.kineto,1,0]
12-29 02:46:35.035 D/wpa_supplicant(  234): wpa_driver_tista_driver_stop success
12-29 02:46:34.995 E/KINETO  (  286): KLOG004- WCM_LINK_STAT_IND: 0 100 2 0xDF00A8C0 00:1B:11:41:28:19 immigrant
12-29 02:46:35.075 I/dvm_gc_info( 1418): [7813577555038160451,-9025065457881753543,-4004116747932387287,7251562]
12-29 02:46:35.035 I/wpa_supplicant(  234): CTRL-EVENT-DRIVER-STATE STOPPED
12-29 02:46:34.995 I/Kineto::wifi(  286): onReceive Exit
12-29 02:46:35.035 D/wpa_supplicant(  234): Unsupported command
12-29 02:46:34.995 I/Kineto::main(  286): handleMessage (Handler): 8
12-29 02:46:35.035 V/WifiMonitor(  167): Event [CTRL-EVENT-DRIVER-STATE STOPPED]
12-29 02:46:34.995 I/Kineto::main(  286): Kineto: WIFI_AVAILABLE 
12-29 02:46:35.035 D/wpa_supplicant(  234): RTM_NEWLINK: operstate=0 ifi_flags=0x1002 ()
12-29 02:46:34.995 I/Kineto::main(  286): Kineto: InitNotify Enter reason: 8 CurrGanPref: 3
12-29 02:46:35.125 I/dvm_gc_info( 1418): [7813577555038094761,-9100782226616924103,-4004116747932387287,7251562]
12-29 02:46:35.035 D/wpa_supplicant(  234): RTM_NEWLINK, IFLA_IFNAME: Interface 'tiwlan0' added
12-29 02:46:35.035 I/Kineto::main(  286): KinetoNotify:  CurrGanPref: 3 mAppSts: Not Connected to Wi-Fi mAppSts2: Connect to Wi-Fi network to make Wi-Fi calls
12-29 02:46:35.035 D/wpa_supplicant(  234): Wireless event: cmd=0x8c02 len=164
12-29 02:46:35.035 I/Kineto::main(  286): stopAlarmTimer AlarmEvent
12-29 02:46:35.205 I/dvm_gc_info( 1418): [7813577555038131650,-9068412604295198663,-4004116747932387287,7251562]
12-29 02:46:35.035 D/wpa_supplicant(  234): CMD: STATUS
12-29 02:46:35.075 D/dalvikvm( 1418): GC_FOR_MALLOC freed 266K, 48% free 3653K/6919K, external 425K/937K, paused 60ms
12-29 02:46:35.125 D/dalvikvm( 1418): GC_FOR_MALLOC freed 106K, 48% free 3645K/6919K, external 425K/937K, paused 44ms
12-29 02:46:35.205 D/dalvikvm( 1418): GC_FOR_MALLOC freed 112K, 48% free 3647K/6919K, external 425K/937K, paused 43ms
12-29 02:46:37.335 I/dvm_gc_madvise_info( 1461): [729088,495616]
12-29 02:46:37.475 D/dalvikvm( 1418): GC_CONCURRENT freed 417K, 47% free 3692K/6919K, external 425K/937K, paused 4ms+8ms
12-29 02:46:37.475 I/dvm_gc_info( 1418): [7813577555038004840,-8977777661794355142,-4003835272955676631,7251562]
12-29 02:46:39.995 I/force_gc( 1461): bg
12-29 02:46:40.135 D/dalvikvm( 1461): GC_EXPLICIT freed 185K, 47% free 3659K/6855K, external 0K/0K, paused 137ms
12-29 02:46:40.135 I/dvm_gc_info( 1461): [7881704463072269870,-9024502576664561607,-4005805597792651223,0]
12-29 02:46:40.315 D/dalvikvm( 1418): GC_CONCURRENT freed 422K, 47% free 3679K/6919K, external 425K/937K, paused 5ms+6ms
12-29 02:46:40.325 I/dvm_gc_info( 1418): [7813577555038000746,-8964829812865669063,-4003835272955676631,7251562]
12-29 02:46:41.195 E/KINETO  (  286): KLOG0C3- xmk_QueryOSQueue SDL Queue empty : WAIT_FOREVER 
12-29 02:46:41.195 E/KINETO  (  286): KLOG0A3- ibs_os_GetMsg: Timeout forever for UKCC qHnd 0x80c3968c
12-29 02:46:49.942 I/am_create_service(  167): [1083886144,com.zynga.words/com.zynga.wfframework.appmodel.sync.WFSyncService,act=android.intent.action.SYNC,1085]

Code:
12-29 08:29:03.084 I/dvm_gc_madvise_info( 1071): [593920,495616]
12-29 08:29:09.004 E/KINETO  (  282): KLOG0C3- xmk_QueryOSQueue SDL Queue empty : WAIT_FOREVER 
12-29 08:29:09.004 E/KINETO  (  282): KLOG0A3- ibs_os_GetMsg: Timeout forever for UKCC qHnd 0x80c3968c
12-29 08:29:09.244 D/dalvikvm( 1071): GC_CONCURRENT freed 410K, 46% free 3726K/6791K, external 408K/835K, paused 4ms+19ms
12-29 08:29:09.244 I/dvm_gc_info( 1071): [7813577555038049895,-8972429774709356486,-4003835272955676631,7149158]
12-29 08:29:14.284 I/dvm_gc_madvise_info( 1071): [593920,495616]
12-29 08:29:19.048 E/KINETO  (  282): KLOG0C3- xmk_QueryOSQueue SDL Queue empty : WAIT_FOREVER 
12-29 08:29:19.048 E/KINETO  (  282): KLOG0A3- ibs_os_GetMsg: Timeout forever for UKCC qHnd 0x80c3968c
12-29 08:29:19.304 D/dalvikvm( 1071): GC_CONCURRENT freed 490K, 47% free 3656K/6791K, external 408K/835K, paused 5ms+6ms
12-29 08:29:19.304 I/dvm_gc_info( 1071): [7813577555038000763,-8955541276106733511,-4004116747932387287,7149158]
12-29 08:29:26.333 I/dvm_gc_madvise_info( 1071): [602112,495616]
12-29 08:29:29.074 E/KINETO  (  282): KLOG0C3- xmk_QueryOSQueue SDL Queue empty : WAIT_FOREVER 
12-29 08:29:29.074 E/KINETO  (  282): KLOG0A3- ibs_os_GetMsg: Timeout forever for UKCC qHnd 0x80c3968c
12-29 08:29:29.453 D/dalvikvm( 1071): GC_CONCURRENT freed 407K, 47% free 3659K/6791K, external 408K/835K, paused 5ms+17ms
12-29 08:29:29.453 I/dvm_gc_info( 1071): [7813577555038049894,-8973837149592922055,-4004116747932387287,7149158]
12-29 08:29:36.671 I/dvm_gc_madvise_info( 1071): [602112,495616]
12-29 08:29:39.283 E/KINETO  (  282): KLOG0C3- xmk_QueryOSQueue SDL Queue empty : WAIT_FOREVER 
12-29 08:29:39.283 E/KINETO  (  282): KLOG0A3- ibs_os_GetMsg: Timeout forever for UKCC qHnd 0x80c3968c
12-29 08:29:39.491 D/dalvikvm( 1071): GC_CONCURRENT freed 409K, 47% free 3663K/6791K, external 408K/835K, paused 5ms+7ms
12-29 08:29:39.491 I/dvm_gc_info( 1071): [7813577555038004838,-8972992724662790087,-4004116747932387287,7149158]
12-29 08:29:44.531 I/dvm_gc_madvise_info( 1071): [602112,495616]
12-29 08:29:49.291 E/KINETO  (  282): KLOG0C3- xmk_QueryOSQueue SDL Queue empty : WAIT_FOREVER 
12-29 08:29:49.291 E/KINETO  (  282): KLOG0A3- ibs_os_GetMsg: Timeout forever for UKCC qHnd 0x80c3968c
12-29 08:29:49.501 D/dalvikvm( 1071): GC_CONCURRENT freed 412K, 47% free 3661K/6791K, external 408K/835K, paused 5ms+6ms
12-29 08:29:49.501 I/dvm_gc_info( 1071): [7813577555038004839,-8972148299732658119,-4004116747932387287,7149158]
12-29 08:29:55.709 I/dvm_gc_madvise_info( 1071): [602112,495616]
12-29 08:29:59.527 E/KINETO  (  282): KLOG0C3- xmk_QueryOSQueue SDL Queue empty : WAIT_FOREVER 
12-29 08:29:59.527 E/KINETO  (  282): KLOG0A3- ibs_os_GetMsg: Timeout forever for UKCC qHnd 0x80c3968c
12-29 08:29:59.749 D/dalvikvm( 1071): GC_CONCURRENT freed 406K, 47% free 3665K/6791K, external 408K/835K, paused 4ms+6ms
12-29 08:29:59.749 I/dvm_gc_info( 1071): [7813577555038000742,-8974118624569632711,-4004116747932387287,7149158]
12-29 08:30:00.039 I/binder_sample(  235): [android.app.IActivityManager,16,15,com.android.systemui,3]
12-29 08:30:04.779 I/dvm_gc_madvise_info( 1071): [593920,495616]
12-29 08:30:10.074 E/KINETO  (  282): KLOG0C3- xmk_QueryOSQueue SDL Queue empty : WAIT_FOREVER 
12-29 08:30:10.074 E/KINETO  (  282): KLOG0A3- ibs_os_GetMsg: Timeout forever for UKCC qHnd 0x80c3968c
12-29 08:30:10.304 D/dalvikvm( 1071): GC_CONCURRENT freed 445K, 46% free 3694K/6791K, external 408K/835K, paused 5ms+8ms
12-29 08:30:10.304 I/dvm_gc_info( 1071): [7813577555038049903,-8965955850245015494,-4003835272955676631,7149158]
12-29 08:30:15.354 I/dvm_gc_madvise_info( 1071): [602112,495616]
12-29 08:30:20.206 E/KINETO  (  282): KLOG0C3- xmk_QueryOSQueue SDL Queue empty : WAIT_FOREVER 
12-29 08:30:20.206 E/KINETO  (  282): KLOG0A3- ibs_os_GetMsg: Timeout forever for UKCC qHnd 0x80c3968c

Can anyone tell where the issue might be or tell me what information I need to provide to determine this?

baseband version: 47.63.35.21U_7.15.35.16
kernel: 2.6.32.17-cyanogenmod-gec7d6af
shade@toxygene #1
cyanogenmod-7.1.0-Slide
build gwk74

The CPU settings are set to the cm defaults.

Thanks,
Andrew
 

BEST TECH IN 2023

We've been tracking upcoming products and ranking the best tech since 2007. Thanks for trusting our opinion: we get rewarded through affiliate links that earn us a commission and we invite you to learn more about us.

Smartphones